nd r?
11
Let c be (4 + -3)/(1/(-133)). Let n be c/(-2) - 9/6. Calculate the greatest common factor of n and 13.
13
Suppose j - 56 = 49. Suppose 0 = r - 3*m - 7 - 8, -2*m + 67 = 3*r. What is the highest common factor of j and r?
21
Let w(v) = -v**3 - 7*v**2 + 18*v + 11. Let b be w(-9). Calculate the greatest common divisor of 88 and b.
11
Suppose n + 31 = 2. Let m = 62 + n. Let j = 8 + 14. What is the greatest common factor of m and j?
11
Let c be (-10)/15 + 0 + 23/3. Suppose 0 = -5*b - 2*l + 41 + 56, -5*b + 113 = -2*l. Calculate the greatest common divisor of b and c.
7
Suppose 2 = -4*q - 2, 5*q = 4*i - 41. Calculate the highest common divisor of 6 and i.
3
Let f be 70/6 + (-4)/(-12). Calculate the highest common divisor of 4 and f.
4
Let v = 196 + -191. Calculate the greatest common divisor of 45 and v.
5
Let m(t) = 29*t + 2. Suppose -9 = -5*p + 1. Let g be m(p). Suppose -2 = -4*f - 2*w + 32, -5*f = -w - g. What is the highest common factor of 11 and f?
11
Suppose 5*i = 4*g + g - 25, 0 = -2*g - 2*i + 18. What is the greatest common divisor of 7 and g?
7
Let k(l) = l**2 - 3*l - 41. Let z be k(10). What is the greatest common divisor of z and 203?
29
Let j(f) be the second derivative of f**3/6 + 5*f**2/2 + 4*f. Let b be j(7). Let c be 1 + 2/(6/9). What is the greatest common divisor of c and b?
4
Let m(q) = 40*q**2 + 4*q + 2. Let d be m(-2). Calculate the highest common factor of d and 14.
14
Let n be (-1 + -8)/(-1) + 0. Suppose g + 3*g = 52. Let b = 14 + g. Calculate the greatest common divisor of n and b.
9
Let b be (89*1)/((-2)/2). Let s = b - -137. Let c be (896/(-140))/((-4)/10). Calculate the greatest common factor of s and c.
16
Let r = -167 + 241. Let g = -18 + r. What is the greatest common divisor of g and 8?
8
Let t(d) = 11*d**3 + d**2 + d - 2. Let o be t(1). What is the highest common divisor of 88 and o?
11
Suppose 3*l + 4*s = s + 102, 4*s = 5*l - 188. Let z = 21 - 5. Suppose 5*t - 20 = -3*j, 0 = -4*t - j + 2*j + z. Calculate the highest common factor of l and t.
4
Let a be (2/(-3))/((-8)/276). Let l = -9 + a. Calculate the greatest common divisor of 70 and l.
14
Let i = -5 + 83. Let x = -35 - -50. Let j = 28 - x. Calculate the greatest common divisor of j and i.
13
Let g be (-3 + (-3)/(-2))*12. Let n = 51 + g. Calculate the greatest common factor of 3 and n.
3
Let v be -1 + 0 - (-14 - 3). Suppose -2*x + 14 + v = 0. What is the highest common factor of x and 120?
15
Suppose 2*s + 30 = 3*i - 5*i, 39 = -i + 5*s. Let g = i - -64. Let x be (4 - 2)*-2*(-40)/32. Calculate the greatest common factor of x and g.
5
Let i(v) = v**2 - 4*v + 6. Let a be i(4). Suppose -3*y = 2*y, 2*w = y + 36. What is the highest common divisor of a and w?
6
Let t be 200/(-10)*2/(-5). Let h(q) = 7*q**2 + 5*q - 4. Let j be h(-4). Calculate the greatest common divisor of t and j.
8
Let f = 45 + -25. Suppose a = -a + f. Suppose -4*q = -3*v - 268, 159 = 3*q - 4*v - 35. What is the highest common factor of q and a?
10
Let j be (-303)/(-18) - 2/(-12). Let q be 4/14 + 23/(-7). Let r be (-510)/25*20/q. What is the highest common factor of r and j?
17
Let u(h) = h**3 + 5*h**2 - 2*h - 5. Let b be u(-5). Let f(a) = a + 24. Let p be f(0). Let o = -14 + p. What is the highest common factor of o and b?
5
Suppose -k + 12 = w, 0*k = 5*w + 4*k - 55. Calculate the highest common factor of w and 56.
7
Let i be -16*5/(10/(-6)). Calculate the highest common factor of 12 and i.
12
Let y be 9 + 0 - 0/(-1). Let c(a) = a**2 + 6*a - 9. Let o = 5 + 1. Let f be c(o). Calculate the highest common factor of f and y.
9
Suppose 5*j + 0*j = k + 1, 3*k - 5*j = 7. What is the greatest common divisor of 36 and k?
4
Let v be (2 - 0) + (5 - 6). Let i be ((-1)/1)/(v/(-2)). What is the highest common factor of i and 10?
2
Let b(a) be the first derivative of a**3 - a**2/2 - 1. Let h be b(1). Suppose -h*w - w = -18. Calculate the greatest common factor of w and 24.
6
Let d be 5 + (-3)/9*-3. Let i be (-8)/d*-6 + 1. Suppose 4*w - 41 = -5. Calculate the highest common factor of i and w.
9
Suppose 10 + 10 = -4*v, -4*v = -2*a + 482. Let o be (-1)/(-4) - 28/(-16). Suppose -o*b + a = b. What is the highest common factor of 11 and b?
11
Suppose -72 = -4*m - 0. Calculate the highest common divisor of m and 81.
9
Suppose 4*d = 20 + 108. Let j = 2 + -6. Let c be 0 - 2*(0 + j). What is the highest common factor of d and c?
8
Suppose -8*z + 438 + 426 = 0. Calculate the greatest common factor of 12 and z.
12
Let y be 5/20 - 31/(-4). Suppose 4*t + y = -0, 3*m + t = 193. Suppose -8*g = -3*g - m. What is the greatest common divisor of g and 91?
13
Let q(k) = k**3 + k**2 + k + 1. Let s be q(2). Let f be (1 - (-8)/4) + 1 + -1. Calculate the greatest common divisor of s and f.
3
Let o(q) = -q + 13. Let c be o(-17). Calculate the greatest common factor of c and 12.
6
Suppose -3*m - 2*m = 4*i - 696, -3*i = 4*m - 557. Suppose -4*d = -s - 0*s + 50, -4*s + 4*d = -m. What is the greatest common factor of s and 45?
15
Let w = -28 + 41. Let z be (-4)/10 - (-522)/5. What is the greatest common divisor of z and w?
13
Let y(b) = -b**3 - 9*b**2 + 11*b + 13. Let a be y(-10). Let h be 1 + 1 + a + -1. Suppose 0*i - 32 = -i. Calculate the greatest common factor of h and i.
4
Let z(o) = -2*o - 6. Let u be z(-7). Let x = 24 - -48. What is the greatest common factor of x and u?
8
Suppose i = -2*i. Suppose 4*a - 16 = -i. Suppose -a*p = -4*c + 20, p - 2 = 2*c + 2*p. Calculate the highest common divisor of c and 7.
1
Let n = -4 - 9. Let a = 25 + n. Let m be (-3 + (-3 - -9))*1. Calculate the greatest common divisor of a and m.
3
Let y(c) = c**3 - 2*c**2 - 3*c - 2. Let w be y(3). Let l be -14*w/8*2. Let j(n) = 7*n**2 + 2*n - 6. Let m be j(3). What is the highest common factor of m and l?
7
Suppose -5*v = -j + 21 + 4, 3*j - 2*v - 36 = 0. Calculate the highest common factor of j and 70.
10
Suppose 0*l - 8 = 4*l - 4*g, 3*l = 2*g - 3. Suppose -3*w + 0*w - 7 = -t, 5*t = w + 35. Calculate the greatest common divisor of t and l.
1
Let z(x) be the first derivative of -x**4/4 + 2*x**3 - 3*x**2/2 + 2*x - 1. Let o be z(5). Calculate the highest common divisor of o and 60.
12
Let s = 0 + 13. Calculate the greatest common divisor of s and 91.
13
Let r = 19 - 5. What is the greatest common factor of r and 28?
14
Let j(y) = -6*y - 4. Let o be j(-4). Suppose -h + 26 = 3*d + h, 5*h = o. Calculate the greatest common divisor of d and 6.
6
Suppose 5*d - 23 - 27 = 0. Let c(z) = 2*z**2 - 7*z - 7. Let r be c(7). Let w be 15/2*56/r. What is the highest common divisor of w and d?
10
Suppose t + 20 = 45. Calculate the greatest common divisor of t and 25.
25
Let c(p) = 14*p**2 - 4*p + 2. Let k be c(3). Suppose 16 = 4*w - k. What is the greatest common divisor of 11 and w?
11
Let m be (-759)/(-9) - (-8)/12. Calculate the greatest common divisor of m and 17.
17
Let t be 13 + (3 - 7) + -3. Calculate the highest common factor of t and 48.
6
Let b be 25 + -1 + (-16)/4. Calculate the highest common factor of b and 8.
4
Suppose -2*l + 3*l - 20 = 0. Calculate the highest common factor of l and 200.
20
Let c = -121 + 169. Let u = 2 - -4. What is the highest common divisor of c and u?
6
Let r = 12 - 10. Suppose -a = -r*a + 12. What is the highest common factor of 24 and a?
12
Let z be (-82)/(-2) + -3 + 1 + 0. What is the highest common factor of 234 and z?
39
Let c(i) = -15*i + 12. Let o be c(-6). Let v = 158 - o. Calculate the highest common factor of v and 8.
8
Let q(x) = x**3 + 13*x**2 - 14*x + 11. Let l be q(-14). What is the highest common factor of l and 33?
11
Suppose -d - 477 = -2*m - 3*m, 2*m - 3*d = 183. Calculate the highest common divisor of m and 12.
12
Let w(j) be the second derivative of j**3/2 + j**2/2 + 9*j. Let n be w(10). Calculate the highest common divisor of n and 93.
31
Let m be 43/9 - 8/(-36). Suppose 2*q - 5*h - 186 = 0, 0 = 3*q + m*h - 10*h - 274. Let i = 25 - 17. Calculate the highest common divisor of i and q.
8
Suppose 9 = 4*v + 29, 2*z - 4*v = 230. Let g be 58/4 - 2/(-4). Calculate the greatest common factor of g and z.
15
Let f = 13 + 19. What is the highest common factor of f and 96?
32
Suppose 0 = 2*f + 3*f - 15. Suppose -2*n - f*n + 15 = 0. Suppose -4*c = -43 + n. Calculate the highest common factor of 30 and c.
10
Let o be 12/(1 + 3) - -4. C